-5
Let u(g) = -g**3 - g**2 - g - 7. Suppose o - 2*i = -o + 20, -5*o + 50 = 5*i. Let k be -1 - (-5)/(o/4). Let y = -1 + k. Determine u(y).
-7
Let j(i) = -7*i**2 + 12*i**2 + 4 - i**3 - 1 + 0*i**3. What is j(5)?
3
Let b(n) = 9*n**2 - n. Let h = -20 - -21. Give b(h).
8
Let n(g) be the first derivative of g**4/4 - 4*g**3/3 + 3*g + 2. Suppose 5*o + 95 = -5*l, 5*l - 18 = 4*o + 13. Let v be 12*(-2 + o/(-6)). What is n(v)?
3
Let a(h) = 25*h + 190. Let j(w) = -w - 7. Let t(i) = 2*a(i) + 55*j(i). Calculate t(-4).
15
Suppose 0 = 6*r - r. Suppose r = 3*b - 10 + 1. Let a(z) = -b*z**2 - 1 + 6*z**2 + 0*z - z. Determine a(-1).
3
Suppose 3*r - 15 = -2*h, r = -5*h - 2*r + 15. Let a(m) = m + h*m - 5 + 1 + m**2. Suppose -5 = i - 5*n, -1 = -3*n + 2. Give a(i).
-4
Let n be (3*(-5)/(-3))/1. Suppose -4*o = -3*y + 23, -4 - 1 = -n*y. Let m(p) = p**2 + 4*p - 6. Determine m(o).
-1
Let c(m) = m - 3 + 76*m**2 - 77*m**2 + 6*m**3 + 2. Let z be 44/36 - (-2)/(-9). Determine c(z).
5
Let k(d) = -d**2 + 4*d - 1. Let u(y) = y**2 + 4*y - 1. Let b be u(-5). Let a(r) = r**3 - 3*r**2 - 5*r + 6. Let w be a(b). Calculate k(w).
3
Let j be (0*2/(-4))/(-2). Suppose j = s + 2. Let h(m) = -m - 4 + m**2 + 1 - m. Calculate h(s).
5
Let i(m) = -m**2 - 5*m + 2. Let g = -1 - -2. Let b = -5 + g. What is i(b)?
6
Let b(v) = 2*v + 3. Suppose 5*c - 20 = c. Let y be (c/(-5))/(-1 + 0). Let k be -5 + 3 - (-1 + y). What is b(k)?
-1
Let u be ((-5)/20)/(3/(-12)). Let j(s) = -2*s + 1. What is j(u)?
-1
Let w(m) = -m**3 + m**2 + m + 18. Let h be 0/(-1)*13/26. What is w(h)?
18
Let f(z) = -21*z + 7. Let k(g) = -10*g + 3. Let j(w) = -3*f(w) + 7*k(w). What is j(-1)?
7
Let j(n) = 42*n + 14. Let w(t) = 21*t + 7. Let d(c) = -2*j(c) + 5*w(c). Let o(f) = 14*f + 5. Let g(p) = 5*d(p) - 7*o(p). Calculate g(-1).
-7
Let c(f) = f + 2. Let z be 2/(-4) - 10/(-4). Suppose -w + 3*l + 17 = 0, -3*l - 1 - 1 = z*w. Calculate c(w).
7
Let h be ((-4)/(-6))/(4/30). Let k(y) = -y**3 + 11*y**2 + 3*y**2 + 4*y - 10*y**2. What is k(h)?
-5
Let k be ((-4)/(-10))/((-2)/(24 + -4)). Let q(m) = -m**3 - 4*m**2 + m + 1. Give q(k).
-3
Let b be -2*2 - (2 + 0). Let f(a) = a**2 + 7*a - 6. Let g(l) = -2*l**2 - 15*l + 12. Let u(q) = 7*f(q) + 3*g(q). Give u(b).
6
Let c(a) = a**3 + 6*a**2 + 8*a + 4. Let l be (45/(-18))/(3/6). Calculate c(l).
-11
Let m(z) = -2*z**2 - 4*z - 4. Suppose 2*t - 12 = 2*y, -y + 3 + 0 = 2*t. Calculate m(y).
-10
Let q(n) = -n - 1. Let h(i) = -2*i + 1. Let a(b) = -h(b) + 4*q(b). What is a(-6)?
7
Let w(a) be the second derivative of -1/6*a**3 + 0 + 1/6*a**4 + 3*a - 1/2*a**2. Let h = 0 - -2. Determine w(h).
5
Let d(u) = -4*u + u - u**2 - 5 + 5 + 8. What is d(-6)?
-10
Let m(w) = -5*w**3 - 8 + 2*w**3 - 4 + 4*w**3 + w**2. What is m(0)?
-12
Let y(c) = 11*c - 3. Let j(p) = -4*p + 1. Let l(n) = -7*j(n) - 2*y(n). Suppose 0 = 4*h - 0 - 4. What is l(h)?
5
Let n(k) = -k**2 + 6*k + 1. Let y = -41 - -47. Give n(y).
1
Let z(w) = -w**2 + 5*w - 2. Let p(q) = -2*q - 11. Let s be p(-8). Give z(s).
-2
Suppose -5*i = 4*y - 5, -5*y - 5 = -5*i - 0. Let n(z) = 6*z - 10. Let a(m) = -m. Let x(p) = -5*a(p) - n(p). Determine x(y).
10
Suppose 9*c + 9*c = 108. Let v(q) be the third derivative of -q**6/120 + 7*q**5/60 - q**4/4 - q**3/2 - q**2. Calculate v(c).
-3
Suppose 0 = -5*r - 2*c - 6, 3*r = 4*r - 5*c - 15. Let h(m) be the first derivative of -m**4/4 - m**3/3 - m**2/2 + 9*m - 1. Give h(r).
9
Let s(v) = -v**2 + 7*v. Suppose 0 = 4*g - 35 + 7. Determine s(g).
0
Let v(z) = -z**2 + 3*z. Suppose -20*k = -23*k + 18. Determine v(k).
-18
Let q be -3*2/(-3)*1. Let a(d) = 3*d**2 - q*d + 0 + 1 - 6*d**2 - d**3. Let u(f) = -f**3 + 2*f**2 - 4*f + 5. Let x be u(2). Give a(x).
7
Let v(n) be the third derivative of n**6/120 + n**5/60 - n**4/12 - n**3/6 - 17*n**2. Give v(-2).
-1
Suppose -3*l + 5 = n, 5*l = 4*n + 51 - 20. Suppose 0*x = -l*x. Let j(y) = -y + 9. Calculate j(x).
9
Let z(l) = l - 4. Let d(r) = r. Let i(x) = 4*d(x) - z(x). Calculate i(-6).
-14
Let k = -7 + 9. Let q(t) = 5*t - k*t - t + 1. Determine q(2).
5
Let x(q) be the first derivative of q**3/6 - 3*q**2 + 3*q - 1. Let v(l) be the first derivative of x(l). Give v(0).
-6
Let j(u) = u + 1. Let d be (2/6)/(4/84). Let h(v) = -v**2 + 7*v + 3. Let y be h(d). Let r = 3 - y. Calculate j(r).
1
Suppose s - 5 = 5*a, -4*s + 11 + 9 = 3*a. Suppose 18 = -z - s*w, -3*z = z + 4*w + 24. Let i(c) = -c - 3. Determine i(z).
0
Let l = 3 + 2. Suppose 0 = 5*q + 4*j + 15, -l*j + 2 = -2*q - 4. Let x(h) be the third derivative of -h**6/120 - h**5/20 - h**4/8 - h**3/6 - 10*h**2. Give x(q).
8
Suppose -3*y + t = 10, -4*y + y = -4*t + 22. Let r(d) be the third derivative of -d**5/30 + d**4/24 + d**3/3 + 7*d**2. Determine r(y).
-8
Let x(v) = -v**3. Let d(a) = a**3 + 5*a**2 - 6*a. Let i be d(-6). Let m be (i + 2)*4/(-8). Let w = m + 0. Give x(w).
1
Let b(g) = 5*g + 1. Let p be b(-1). Let x be 2 - p - (-2)/1. Let i(f) = x - 8 - f. Determine i(-2).
2
Let k(f) = f - 2. Let t be k(7). Let u(g) = g**2 + g - 2. Let r be u(2). Let p(x) = t - 3 - r - 2*x. What is p(3)?
-8
Suppose x + 5*h + 6 = 35, 4*x + 3*h - 65 = 0. Let j(u) = 5*u - 2*u - x - 4*u + 4. Determine j(-5).
-5
Let y(g) = -g**3 + 2*g**2 + g. Let r be y(2). Let t be r*(-1)/(-2)*-6. Let x be (t/9)/(2/3). Let p(s) = -8*s**3 + s**2 - 1. What is p(x)?
8
Let c(u) be the first derivative of -u**4/4 + 2*u**3 + 3*u**2 + 8*u + 20. Let j(z) = -z**3 + z**2 + 3*z + 1. Let l be j(-2). Give c(l).
1
Let o(q) = -4*q**3 + 0 + 0 + q**3. Let t(g) = -4*g**3 + 1. Let p(b) = -3*o(b) + 2*t(b). What is p(-2)?
-6
Let q = 181 + -178. Let i(w) = -w**3 + 5*w**2 - 4. What is i(q)?
14
Let u(l) = -l**2 - l - 2. Suppose -5*f = 5*x - 8 + 3, -x - 4*f + 10 = 0. Determine u(x).
-4
Let p(g) = -g**2 + 2*g - 2. Let s(b) = b**3 + 5*b**2 + 4*b + 3. Let t be s(-4). Let u = -4 + 4. Let l = t + u. What is p(l)?
-5
Let x(u) = -3*u**3 - u**2 - 4*u. Let f(i) = 5*i**3 + i**2 + 8*i. Let q(d) = -4*f(d) - 7*x(d). Let z = -7 - -3. Determine q(z).
0
Let s(z) = 3*z**2 + 15*z - 15. Let x(r) = 4*r**2 + 22*r - 22. Let v(q) = -7*s(q) + 5*x(q). Let d be v(5). Let m(c) = -c - 7. Calculate m(d).
-2
Suppose 5*h - h - 28 = -3*z, 3*h = 4*z + 21. Let w(t) = t**3 - 8*t**2 + 6*t + 3. Calculate w(h).
-4
Let q(m) = -2*m - 1. Suppose -5*y + 0*y - 5*i = -70, 5*i + 56 = 2*y. Let n be ((-4)/(-5))/(8/20). Suppose n - y = -4*g, -g = l - 7. What is q(l)?
-7
Let h(m) = -m**3 + m**3 - 5*m - 4 + 4*m**2 + m**3. Let c(w) = -w**2 + w. Let j be c(0). Suppose -4*n = g - j*n - 11, 5*g - n = -29. Give h(g).
-4
Let b(i) = 4*i**3 - i + 4. Let h(k) = -k**3 - k**2 - 1. Let n(v) = -b(v) - 3*h(v). Let y be ((-7)/(-14))/((-2)/(-8)). Determine n(y).
5
Let o be (-2)/8 - (-30)/24. Let j = 6 - -5. Let n(r) = 11 - j - r**3. Determine n(o).
-1
Suppose -4*y + r = -14, 2 = y - r - 3. Let f(c) = c**2 - 5*c + 4. Calculate f(y).
-2
Let l be 2/4*(0 - -18). Let f = l - 15. Let v(z) = 6 + 8*z + 3*z - 6*z + z**2 + z. What is v(f)?
6
Let y(r) be the second derivative of r**4/12 + r**3/3 + r**2 - 14*r. Let j = -8 - -5. Determine y(j).
5
Let y(i) = i**3 + 2*i**2 - 7*i - 5. Let v = 7 - -3. Suppose m = -5*s - 15, -2*s - 4*m + 2 + v = 0. Give y(s).
-9
Let v(u) be the third derivative of -7*u**4/12 + u**3/6 - 6*u**2. Determine v(-1).
15
Suppose 4*q = -0*q. Let j(o) = 1 + q + o - o**2 - 8 + 4*o. Give j(5).
-7
Let b(q) be the second derivative of 1/3*q**3 + 1/20*q**5 + 0 - 5/12*q**4 + 5/2*q**2 + q. Let l be (15 - 13) + 2*1. Determine b(l).
-3
Suppose 4*f - 1 - 7 = 0. Let x(y) be the first derivative of -y**3/3 - y**2/2 + 2*y - 9. Determine x(f).
-4
Let b(w) = -w - 17. Suppose -3*g = 5*y + 11, -g - y = 3*g + 26. Determine b(g).
-10
Let d = -5 + 10. Let c(w) = 10*w**3 - w**3 + 8*w + d + 6*w**2 - 8*w**3. Determine c(-5).
-10
Let y(r) be the first derivative of -r**5/24 + r**4/24 + r**3 + 1. Let n(c) be the third derivative of y(c). Determine n(1).
-4
Let n(a) be the second derivative of -a**6/120 + a**5/60 - a**4/24 - a**3/2 + a**2 - 2*a. Let j(l) be the first derivative of n(l). Give j(0).
-3
Let g(h) = -14*h**2 - h. Let n = 2 - 2. Suppose n = -5*b - b - 6. What is g(b)?
-13
Let z = 20 - 12. Suppose -z*i = -4*i. Let g(w) = -1. Let v(y) = y**2 - y - 10. Let u(t) = -3*g(t) + v(t). Calculate u(i).
-7
Let j(b) = -b - 2. Let i(a) = -3*a - 7. Let p(q) = -2*i(q) + 7*j(q). Give p(3).
-3
Suppose -z = 5*s - 12, -4*z - 3